{"id":7514,"date":"2024-05-16T14:50:05","date_gmt":"2024-05-16T17:50:05","guid":{"rendered":"https:\/\/obssaberes.org\/store\/?post_type=product&#038;p=7514"},"modified":"2025-05-08T09:33:57","modified_gmt":"2025-05-08T12:33:57","slug":"agenda-obs-2025","status":"publish","type":"product","link":"https:\/\/obssaberes.org\/store\/produto\/agenda-obs-2025\/","title":{"rendered":"Agenda OBS 2026"},"content":{"rendered":"<p>Com a\u00a0<strong>Agenda OBS 2026\u00a0 <\/strong>voc\u00ea come\u00e7a o ano com tudo organizado. Com capa dura, ela \u00e9 resistente, o que facilita na hora de lev\u00e1-la, seja para escola ou trabalho.<\/p>\n<p>Logo no in\u00edcio, voc\u00ea pode preencher todos os seus dados pessoais, comerciais e emergenciais. Em seguida, h\u00e1 uma vis\u00e3o geral do calend\u00e1rio completo de 2026, seguido de um planejamento anual para registrar seus objetivos e metas para cada semestre.<\/p>\n","protected":false},"excerpt":{"rendered":"<ul class=\"a-unordered-list a-vertical a-spacing-mini\">\n<li class=\"a-spacing-mini\"><span class=\"a-list-item\">Capa dura com lamina\u00e7\u00e3o para prote\u00e7\u00e3o.<\/span><\/li>\n<li class=\"a-spacing-mini\"><span class=\"a-list-item\">Encadernado com inspiral.<\/span><\/li>\n<li class=\"a-spacing-mini\"><span class=\"a-list-item\">Hor\u00e1rios intermedi\u00e1rios<\/span><\/li>\n<li class=\"a-spacing-mini\"><span class=\"a-list-item\">Finais de semana, s\u00e1bados e domingos, compartilham a mesma p\u00e1gina<\/span><\/li>\n<li class=\"a-spacing-mini\"><span class=\"a-list-item\">Calend\u00e1rio completo de 2026<\/span><\/li>\n<li class=\"a-spacing-mini\"><span class=\"a-list-item\">Planejamento anual<\/span><\/li>\n<\/ul>\n<div class=\"a-row a-expander-container a-expander-inline-container\">\n<div class=\"a-expander-content a-expander-extend-content a-expander-content-expanded\" data-expanded=\"true\"><\/div>\n<\/div>\n","protected":false},"featured_media":7515,"comment_status":"open","ping_status":"closed","template":"","meta":[],"product_cat":[18],"product_tag":[],"_links":{"self":[{"href":"https:\/\/obssaberes.org\/store\/wp-json\/wp\/v2\/product\/7514"}],"collection":[{"href":"https:\/\/obssaberes.org\/store\/wp-json\/wp\/v2\/product"}],"about":[{"href":"https:\/\/obssaberes.org\/store\/wp-json\/wp\/v2\/types\/product"}],"replies":[{"embeddable":true,"href":"https:\/\/obssaberes.org\/store\/wp-json\/wp\/v2\/comments?post=7514"}],"wp:featuredmedia":[{"embeddable":true,"href":"https:\/\/obssaberes.org\/store\/wp-json\/wp\/v2\/media\/7515"}],"wp:attachment":[{"href":"https:\/\/obssaberes.org\/store\/wp-json\/wp\/v2\/media?parent=7514"}],"wp:term":[{"taxonomy":"product_cat","embeddable":true,"href":"https:\/\/obssaberes.org\/store\/wp-json\/wp\/v2\/product_cat?post=7514"},{"taxonomy":"product_tag","embeddable":true,"href":"https:\/\/obssaberes.org\/store\/wp-json\/wp\/v2\/product_tag?post=7514"}],"curies":[{"name":"wp","href":"https:\/\/api.w.org\/{rel}","templated":true}]}}